0
Let h be -1 - (4 - (5 - -4)). Suppose 0 = 4*x - 5*y + 3*y - 196, 0 = -h*y - 16. What is the units digit of x?
7
Let x(k) = -k**3 + k**2 - k - 2. Let v be x(-1). Suppose -9 = -4*l - v. Suppose 3*d + 5*o = 89 + 3, d = -l*o + 29. What is the tens digit of d?
3
What is the hundreds digit of ((-30)/(-35))/(6/(-37170)*-5)?
0
Let n(a) = -2*a**3 - 2*a**2 - 6*a - 3. What is the hundreds digit of n(-10)?
8
Let m be 1/1*21/7. Suppose -2*o - m*b + 53 = -8*b, -3*b = -3. What is the units digit of o?
9
Suppose 653 = 5*i - 4*v, 0 = 3*i + v - 624 + 239. What is the hundreds digit of i?
1
What is the tens digit of (-2372)/(-6) - (6/18)/1?
9
Let d be 3/((-3)/1) + 3. Suppose -5*b + 60 = -0*n - 5*n, -d*b + 3*n + 28 = 0. Suppose b*k - 15 = 3*k. What is the units digit of k?
3
Let v = 98 - -132. What is the hundreds digit of v?
2
Let f be (70/(-3))/(12/(-18)). Suppose f = 4*t - 129. What is the units digit of t?
1
Let s = -59 + 67. Suppose -s*y = -397 - 171. What is the units digit of y?
1
Suppose 0 = -13*y + 1126 + 1292. What is the hundreds digit of y?
1
Suppose 1204 = 5*a - 4*v, v = -3*a + 1099 - 380. What is the tens digit of ((-6)/24)/((-4)/a)?
1
Let u be (-3 + 5/2)*-10. Suppose -5*j + 9 = -5*w - 6, 0 = -5*w + u. What is the units digit of j?
4
Suppose 4920 = 986*i - 984*i. What is the units digit of i?
0
What is the tens digit of 45/(-6)*((-468)/(-27))/(-1)?
3
Let b = 26 - 60. Let i = -3 - b. What is the tens digit of i?
3
Let p = -3 - -9. Suppose 4*h = 3*v - 573, 3*v - p*h + h - 573 = 0. What is the hundreds digit of v?
1
Suppose -15 = 157*o - 160*o. Let z(h) = -2*h**2 - 4. Let j(r) = -r**2 + r - 1. Let q(n) = -4*j(n) + z(n). What is the units digit of q(o)?
0
Let y = -110 - -614. What is the hundreds digit of y?
5
Let g = 42 + 85. Let m = -70 + g. What is the units digit of m?
7
Let i be (-1 - -199) + -33 + 32. Suppose 2*h + 180 + 92 = 0. Let m = h + i. What is the units digit of m?
1
Let n(s) = 17 - 7*s + s**2 - s + 0*s. What is the hundreds digit of n(16)?
1
Suppose -15 = 3*c, -c - 17 = -2*w + 4*w. Let g(q) = -22*q**3 - 7*q**2 - 7*q + 3*q**2 + 21*q**3 - 3*q**2 + 6. What is the units digit of g(w)?
2
Suppose 0 = -8*k + 5*k. Suppose k = -2*d + d + 26. Suppose 0*h + d = 2*h. What is the units digit of h?
3
Let w(u) = u**2 + 16*u + 14. Let p = -35 + 16. What is the tens digit of w(p)?
7
Suppose 2*r = r - 5. Let u = 9 + r. Suppose -u*y + 6 = o - 32, 5*o + 4*y = 142. What is the tens digit of o?
2
Let w = 57 - 28. Let i = w - 22. What is the units digit of i?
7
Let v(p) = 7*p - 1. Let w be (3/6)/(2/4). Let h be v(w). Suppose -k - 3*a + 5 = -h, a = 2*k - 50. What is the units digit of k?
3
Let f(l) = -l**3 - 3*l**2 - 5*l - 4. Let r(w) = w**2 + 6*w - 3. Let s be r(-6). Let j = s - 0. What is the units digit of f(j)?
1
Suppose 5*i = -2*b - 21, 4*i = 2*b - 13 - 11. Suppose 0 = 2*v + h + 2*h + 1, b*h - 18 = -4*v. What is the units digit of v?
7
Let k = 4367 - 2328. What is the thousands digit of k?
2
Let l(u) = -142*u + 256. What is the units digit of l(-9)?
4
Let i be 3 - (2 + -3)*6. Let l = 11 - i. Suppose -l*m + 24 = -0*m. What is the units digit of m?
2
Suppose 2*k - 531 = i, i + 5*k + 382 = -163. Let x be i/(-7) + 3/(-7). Let v = x + -39. What is the tens digit of v?
3
Let j(m) = -261*m - 228. What is the tens digit of j(-9)?
2
Let n(q) = -222*q - 10. What is the tens digit of n(-3)?
5
Let u = -9 - -14. Suppose 10*i = -u*i + 255. What is the units digit of i?
7
What is the hundreds digit of ((-2)/(-2))/((-24)/(-14952))?
6
Let d = 12 + -15. What is the units digit of ((-45)/2)/(d/6) + 3?
8
Let q = -22 - -26. Suppose 18 = q*w - 182. Suppose 6 = -2*r + w. What is the units digit of r?
2
Let f(n) = -135*n + 484. What is the tens digit of f(-7)?
2
Let t(s) = -3*s**2 - 20*s - 465. Let d(a) = a**2 + 7*a + 155. Let i(w) = -11*d(w) - 4*t(w). What is the tens digit of i(0)?
5
Let i be (38/(-2 - -1))/(-2). Suppose -4*j = -63 + i. Let b = j - 5. What is the units digit of b?
6
Suppose -f - f + 12 = 0. Let a = f - -9. What is the tens digit of 3/a - 59/(-5)?
1
Let v(i) = -i**3 - 3*i**2 + 7*i. Let n = 12 - 7. Suppose -n = 3*b + 10. What is the tens digit of v(b)?
1
Suppose -14*s - 7100 = -3*q - 16*s, -4738 = -2*q + s. What is the units digit of q?
8
Let l be (6/(-8))/((-2)/(-48)). Let b(n) = -n**3 - 18*n**2 + 41*n + 21. Let w be b(-20). Let i = w - l. What is the tens digit of i?
1
Let d(w) be the first derivative of -7*w**5/60 - w**4/6 - 5*w**3/3 + 8. Let p(y) be the third derivative of d(y). What is the units digit of p(-4)?
2
Suppose 5*m - 1 = -6. Let u(n) = -10*n + 1. Let t be u(m). Suppose -3*w = -4*w + t. What is the tens digit of w?
1
Suppose -5*r - 6 = -36. Let t be (-175)/(-21) - (-4)/r. Let h(z) = -z**3 + 8*z**2 + 14*z - 7. What is the units digit of h(t)?
8
Let s = 10 + -52. What is the units digit of 12/s - (-3)/14*916?
6
What is the tens digit of (-34559)/(-21) - 6/(-18)?
4
Suppose 0 = 69*l - 52*l - 43248. What is the thousands digit of l?
2
Suppose -3*t + 4*d + 0*d = -530, 2*d - 2 = 0. What is the tens digit of t?
7
Let h(z) = -z**3 + 2*z**2 - 2*z + 1. Let s be h(1). Suppose -3996 = 3*q - s*q. What is the tens digit of 4/(-10) + q/(-30)?
4
Let l be (-8)/(-6) + (-60)/45. Suppose p - 124 = -2*i - l*i, 4*i = -5*p + 614. What is the tens digit of p?
2
Suppose -4*b = 5*n - 16, -n + 2*n - b = 5. Suppose 3*l + o = 664, -733 = -5*l + n*o + 385. What is the hundreds digit of l?
2
What is the units digit of ((-930)/(-5))/((-45)/(-840))?
2
Suppose 2*l + 12 = -3*u, 0*l + 12 = -4*l. Let x = 1 - u. Suppose -x*b + 105 + 0 = 0. What is the units digit of b?
5
Suppose -206 = -3*n + p + 103, 4*p = -5*n + 532. Suppose 0*m + 4*m - n = 0. What is the tens digit of m?
2
Suppose 4 + 40 = 4*b. What is the tens digit of b/(-55) - (-322)/10?
3
What is the tens digit of (-325)/((4 + -6)/6)?
7
Suppose 7*x = 11*x - 8. Suppose 0 = 4*b - 178 - x. What is the units digit of b?
5
Let p be (3*(2 + 0))/(-1). Let t(n) be the third derivative of n**6/120 + 7*n**5/60 - n**4/12 - n**3/6 + 52*n**2. What is the units digit of t(p)?
7
Let v(w) = 12*w**2 + 20*w + 19. What is the units digit of v(-6)?
1
Let p(l) = 76*l**3 + 2*l**2 + 25*l - 16. What is the units digit of p(4)?
0
Let j = -346 - -68. Let r = -109 - j. What is the hundreds digit of r?
1
Suppose -2*x = -7*x + 40. Suppose 0 = -x*p + 104 + 200. What is the units digit of p?
8
Suppose 602 = 4*l - 414. What is the tens digit of l?
5
Suppose -h = 4*a - 1218, -5*a + 922 = -2*a + 5*h. What is the tens digit of a?
0
What is the thousands digit of -43*8*1*(-90)/20?
1
Let z be ((-9)/1)/((-6)/66). Suppose -35 = 7*u - 14*u. What is the units digit of z/u + (-8)/(-40)?
0
Suppose i - 3*i + 3*f = -3332, -4*i - 3*f = -6664. What is the units digit of i?
6
Let x(g) = -g**3 + 8*g**2 + 21*g + 6. What is the units digit of x(9)?
4
Let b = 475 - -271. What is the tens digit of b?
4
Suppose k = 15*k - 4844. What is the tens digit of k?
4
Suppose u - 1072 = 4*y - 0*y, 2*y = 3*u - 3186. What is the tens digit of u?
6
Let q(j) = 22*j**2 + 21*j + 116. What is the tens digit of q(-7)?
4
Let o be (4 + 42)/(0 - 1). Let i = o + 86. What is the tens digit of i?
4
What is the hundreds digit of (-6 - -132)/1 - -5?
1
Suppose -5*l = 0, 0 = -0*u - 2*u + 4*l + 2208. What is the tens digit of u?
0
Let u(f) = 147*f**2 - 3. What is the units digit of u(2)?
5
Let s be (-12)/(-18) + (-14)/(-6). Let r be 10 - (-1 - (-12)/s). Let k(o) = -o**3 + 6*o**2 + 7*o + 5. What is the units digit of k(r)?
5
Suppose 23*u + 110*u = 27664. What is the tens digit of u?
0
Let p = 122 - 52. Suppose 0 = -2*z + 3*z - p. Suppose -b - z = -6*b. What is the tens digit of b?
1
Let y(t) = -2*t**3 - 5*t**2 + 2*t - 15. What is the hundreds digit of y(-5)?
1
What is the hundreds digit of 88/(-66) + (-818)/(-6)?
1
Let m(f) = f**2 + 2*f + 3. Suppose 0*g + 4*g = 8. Suppose -5*a + 4*j = 40, -32 = a + 3*a - g*j. What is the tens digit of m(a)?
5
Suppose 8*b - 6951 = -13*b. What is the units digit of b?
1
Suppose -34*f - 11*f + 120420 = 0. What is the thousands digit of f?
2
Let w(l) = -5*l**2 - 9*l - 13. Let r be w(8). Let g = r + 630. What is the tens digit of g?
2
Suppose -64*t - 2615 = -69*t. What is the hundreds digit of t?
5
Let f(o) = -5*o**2 - 1. Let i be f(1). What is the units digit of -6*(9/i)/(-3) -